se -7*k - 8*k = 75. Let w(o) = -3*o - 4. Give w(k).
11
Let u(d) = 3*d + 2*d - 5 - 2*d - 4*d. Suppose 5*w - 3*q = -18, -3*w = 2*w + q + 34. Let o be (w - -8) + 14/(-2). What is u(o)?
0
Let l(o) = -4*o**3 - o**2 - 2*o + 9. Let w(t) = 6*t**3 + 2*t**2 + 3*t - 14. Let v(p) = -8*l(p) - 5*w(p). Give v(2).
8
Let o = -124 - -89. Let v = -39 - o. Let x(m) = m**3 + 4*m**2 - m. What is x(v)?
4
Let z(r) = 5*r - 118. Let p be z(20). Let f(c) = -c - 15. What is f(p)?
3
Suppose -3*d = w + 19, w + 12 + 2 = -2*d. Let v(f) be the second derivative of -f**5/20 - f**4/2 - f**3 - f**2/2 - 13*f. Give v(w).
-9
Let o(g) = g**2 + 7*g + 4. Suppose 2*v - p + 8 = v, 2*v + 16 = p. Give o(v).
12
Let k(d) = -5*d**3 + d**2 - d. Let s(y) = y**2 - 5*y + 4. Let w be s(5). Suppose 4*q - 8*q = -w. Determine k(q).
-5
Let x = -3 + -2. Let k(t) = t**3 + 1. Let c(r) = 4*r**3 - 5*r**2 + 2*r + 12. Let m(i) = -c(i) + 5*k(i). Give m(x).
3
Let l(g) = g - 1 + g + 4 - 4. Suppose 0 = q - 3, q + 18 = -3*k - q. Let x = k + 5. Give l(x).
-7
Let f(x) = 5*x + 22 + x**2 - 10 - 8. Suppose -5*l = -2*y - 11 + 5, 10 = 4*l + y. Let u be (6/8 - l)*4. What is f(u)?
4
Let x(i) be the first derivative of -i**2/2 - 27. What is x(2)?
-2
Let f(o) = -3*o - 13. Let c(m) = 5*m + 20. Let d(j) = 5*c(j) + 7*f(j). Let s = -13 + 34. Suppose -4*h - 47 = -2*q - 17, -h + 5*q - s = 0. Give d(h).
-15
Let n(g) = -g**3 + 12*g**2 - 2*g - 1. Suppose 22 = z - 5*c, 40 + 10 = 5*z + 5*c. Give n(z).
-25
Let f be (-2 + -2)*(-4)/8. Let n be ((-20)/(-16))/(f/8). Suppose 3*w + n = v - 8, 0 = 2*v - 2. Let s(q) = -2*q - 5. Calculate s(w).
3
Let k(l) = -2*l**2 + 12*l + 71. Let p(a) = 3*a**2 - 18*a - 112. Let f(g) = 8*k(g) + 5*p(g). Determine f(3).
17
Let w(m) = -m**2 - 11*m + 5. Suppose -46 = 4*v + j, -5*v - 25 = 4*j + 38. What is w(v)?
5
Suppose 65 = -58*o + 123. Let f(j) = -12*j - 3. Suppose -4*w = 5*b + 2, 0*b - 2 = -4*w - 3*b. Let m(k) = -4*k - 1. Let i(t) = w*f(t) - 7*m(t). Determine i(o).
5
Let p(k) = -k**3 - 4*k**2 + 3*k - 1. Let y be (330/(-75) - 1) + (-4)/(-10). Give p(y).
9
Let o(r) = 2 - 9*r + r**2 + 2 + 6. Let b be (-22)/(-3) - ((-168)/36 - -5). Calculate o(b).
-4
Let f(k) = k**3 - 6*k**2 + 7*k - 6. Let r be 6/(-12) + 2/4. Suppose 2*x - 10 + 0 = r. Give f(x).
4
Let m(s) be the second derivative of -s**5/20 + 3*s**4/4 - 7*s**3/6 - 3*s**2 + 97*s. Give m(8).
2
Let y(q) = -17 + 9 - q**3 + 8*q - 2*q**2 - 4*q + 9 + q**2. Calculate y(3).
-23
Let b(f) = -16*f**2 - 20*f - 2. Let o(w) = -13*w**2 - 19*w - 2. Let u(r) = -5*b(r) + 6*o(r). Determine u(7).
-2
Let a(i) = i**2 - i - 6. Let d be a(3). Suppose d = 3*r + 2*r + 20. Let t(y) = y + 2. Give t(r).
-2
Let o be -7 + (2 - -3 - 4). Let u be -19 - -1*o/(-3). Let a = u + 19. Let q(y) = -2*y + 1. Calculate q(a).
-3
Suppose 3 + 2 = o. Suppose h + 42 = o*t + 4*h, t - 4*h = -10. Let m(u) be the second derivative of u**3/3 - 4*u**2 - u. Calculate m(t).
4
Let p = 1614 - 1614. Let c(x) = -x**3 - x**2 - x + 17. Give c(p).
17
Let r(m) = 7*m. Let a(t) = 19*t. Let c(q) = 3*a(q) - 8*r(q). Let x(z) = 3*z + 2. Let i(l) = -5*c(l) + x(l). Determine i(7).
-12
Let p(t) be the second derivative of t**5/20 + t**4/12 - t**3/6 + 2*t**2 - 4*t + 1. Determine p(0).
4
Let y(g) be the first derivative of 2*g**3/3 + 19*g**2/2 - 13*g + 45. Determine y(-10).
-3
Suppose -13*h + 37 - 167 = 0. Let w be (-8)/(-3)*(6 + 45/h). Let d(p) = -p**3 + 5*p**2 - 6*p + 6. What is d(w)?
-2
Suppose 12*s + 9 = 10*s - 5*y, 5*s + 2*y = 9. Let n(t) be the third derivative of -1/24*t**4 + 0*t + 1/60*t**5 + 8*t**2 - 1/2*t**s + 0. Determine n(0).
-3
Suppose -9*t = t + 70. Let a be 4/(3 + t)*5. Let o(d) = -d**3 - 5*d**2 - d - 1. What is o(a)?
4
Let b(i) be the second derivative of -i + 1/10*i**5 + 0*i**4 + 0*i**3 + 0 + 0*i**2. Suppose -2*f - 32 = 3*x, -2*x - 57 = 2*f - 35. Calculate b(f).
-2
Let f(k) be the first derivative of -2*k**3/3 - 17*k**2/2 - 11*k - 200. Calculate f(-8).
-3
Let x = -4 + 7. Let d(p) = x*p - 4 - 2*p + 2 + 1. Give d(2).
1
Let i(f) = 3*f - f**3 - 2 + 3 - 2*f. Let c(y) = -6*y**3 - 5*y**2 + 10*y. Let x be ((-2)/10)/(57/285). Let r(a) = x*c(a) + 5*i(a). Give r(-6).
-1
Let y(k) be the first derivative of -2*k**2 + 1/12*k**4 - 1 - 1/6*k**3 + 5*k. Let r(a) be the first derivative of y(a). Give r(-3).
8
Let i be -2 - -1 - (-28)/4. Let q(v) = -i*v**2 - 2*v**2 + 6*v**2. Calculate q(-1).
-2
Let z(c) = 6*c**3 - 16*c**2 - 2*c + 3. Let b(w) = 7*w**3 - 17*w**2 - 3*w + 4. Let u(h) = 5*b(h) - 6*z(h). Determine u(10).
72
Suppose 4*j + c = 42 - 2, -4*j + 40 = 5*c. Let f(i) = -4 + 9 - j - i. What is f(-5)?
0
Let v(n) = n**2 + 4*n + 1. Let k be v(-3). Let r be 9 - 9/(-6)*k. Let l(a) = -3*a + 1. Let q(g) = -2*g. Let y(h) = 3*l(h) - 4*q(h). Determine y(r).
-3
Let j(s) = 2*s**2 - 12*s - 2. Suppose 19*t = 5*k + 14*t - 55, 4*k + 2*t - 14 = 0. Calculate j(k).
-2
Let u(d) = 6*d**2 - 12*d - 6. Let y(s) = 13*s**2 - 22*s - 11. Let w(j) = 11*u(j) - 6*y(j). Calculate w(-1).
-12
Let y(n) = n**2 + 7*n - 7. Let r = -8 + 12. Let v be r/(-6)*9*1. Give y(v).
-13
Let t(d) = -d**2. Let r be 1/4 + (-78)/(-8). Let h(b) = -2*b**2 - 3*b + 1. Let o be h(-3). Let x = r + o. Determine t(x).
-4
Suppose 0 = -5*l - 4*c + 6 + 24, 4*l - 5*c - 65 = 0. Let k be (-74)/l - ((-10)/(-25))/(-1). Let s(q) = q**2 + 6*q - 8. What is s(k)?
-1
Let w(d) = 3*d**2 + 6*d - 4 + 0*d**3 - 3*d + d**3 + 3*d**2. Let u be (-2 - -1)/2*(14 + -6). Give w(u).
16
Let l(u) = -3*u**3 + 4*u**2 - 2*u - 13. Let p(k) = k**3 - k**2 + k + 4. Let g be -4 + 0 + 5/(30/12). Let i(n) = g*l(n) - 7*p(n). What is i(-2)?
8
Suppose 0 = -5*k - 34 - 6. Let r(f) = -11*f - 6*f + 2 - 7*f + 15*f - 8 - f**2. What is r(k)?
2
Let o(v) = -52*v**3 + v**2 - 3*v - 3. Let f(h) = -104*h**3 + 3*h**2 - 7*h - 7. Let w(b) = -2*f(b) + 5*o(b). Calculate w(-1).
51
Let k(o) = o**2 + 8*o + 5. Let r be k(-7). Let f(w) be the third derivative of 0*w**3 + 0*w + 0 - 9*w**2 - 1/8*w**4 - 1/120*w**6 - 1/30*w**5. Determine f(r).
6
Let t(m) = m**3 + 5*m**2 - 7*m - 3. Suppose 0*i - 2*i + 2*p + 2 = 0, -4*i = -p - 10. Let n = -17 - i. Let u = n + 14. Calculate t(u).
3
Let f(y) = -y**3 + 12*y**2 + y - 17. Let m(h) = -9*h - 75. Let i be m(-19). Suppose 4*x = 12*x - i. Determine f(x).
-5
Let v(i) = i - 5. Suppose 5*c - 2 = 33. Let m(x) = x**3 - 9*x**2 + 15*x - 1. Let o be m(c). What is v(o)?
1
Let y(g) be the second derivative of g**3/6 + 7*g**2/2 - 2*g + 1. Calculate y(-5).
2
Suppose 232*w = 204*w - 224. Let p(y) = y**3 + 7*y**2 - y. Determine p(w).
-56
Let p(w) = w**3 - 10*w**2 + w - 6. Let v = -33 + 113. Suppose -v = j - 9*j. Calculate p(j).
4
Let u(h) be the first derivative of -5/2*h**2 + 1/3*h**3 + 4*h - 28. Give u(6).
10
Let d = 7 - 0. Suppose 5 + 10 = -5*o. Let l(c) = 2*c - 10. Let g(r) = -1. Let z(b) = o*g(b) + l(b). Give z(d).
7
Let p(t) be the third derivative of 6*t**2 + 1/60*t**5 + 0 + 0*t + 5/6*t**3 + 5/12*t**4. Determine p(-4).
-19
Suppose 0 = 3*r - 222 + 234. Let y(k) = -k**3 - 6*k**2 - 6*k - 4. What is y(r)?
-12
Let h(n) be the third derivative of n**4/24 - 30*n**2. Let f(r) = -3*r + 2. Let z(l) = -f(l) - 4*h(l). Determine z(5).
-7
Suppose -3 = 3*i + 6. Let k = i - -6. Let s(x) = -2*x. Let f(q) = 19*q - 4. Let b(w) = f(w) + 6*s(w). What is b(k)?
17
Let a(w) = w**2 - 10*w + 5. Let d be (-290)/(-35) - 2/7. Give a(d).
-11
Let v be 0*(93/(-217) - (-4)/42). Let h(k) = k**2 - k + 29. What is h(v)?
29
Let g = 16 + -16. Suppose g = 2*y - 0*y - 16. Let f = 2 - y. Let l(p) = -p**2 - 8*p + 2. Calculate l(f).
14
Suppose 0 = -8*v - 65 + 17. Let i(d) = -2*d - 7. Determine i(v).
5
Let p(q) = -q**2 + 7*q - 7. Let z(n) = 7*n - 57 - 6*n + 73. Let o be z(-10). Determine p(o).
-1
Let v(m) = m**2 + 6*m - 2. Let j(l) = l**3 - 4*l**2 + 2*l - 6. Let u be j(4). Let d(g) = -5*g**2 + 3*g - 3. Let y be d(u). Let z = -23 - y. Calculate v(z).
-2
Let w(s) = 24*s**3 - 4*s**2 + 15*s. Let a(t) = -6*t**3 + t**2 - 4*t. Let f(m) = 15*a(m) + 4*w(m). What is f(1)?
5
Let u(s) = 5 - 7*s - 11*s + 7*s - s**2. What is u(-9)?
23
Let d(z) be the second derivative of -6*z + 1/2*z**2 - 2/3*z**3 + 0. Let i(b) = b + 4. Let o be i(-6). What is d(o)?
9
Let q(s) = s + 2. Let g(o) = 7*o - 3. Let x be g(1). Let k be q(x). Suppose 0*i = i - k. Let p(u) = u**3 - 6*u**2 - 8. Give p(i).
-8
Let p(f) = -f**2 - 6*f - 6. Let w be p(-4). Let o(v) = 2 - w - 3*v + 7. Suppose 0*u + 2*y = -3*u + 7, -11 